m(1).
-20
Let l(q) = q**3 + 9*q**2 + 2*q + 4. Give l(-9).
-14
Let a(r) = 2*r**2 - 2*r - 15. Calculate a(-3).
9
Let m(u) = -18*u + 6. What is m(2)?
-30
Let i(j) = -21*j + 284. What is i(14)?
-10
Let q(c) = c**3 - c**2 - 4*c - 5. Calculate q(-2).
-9
Let m(i) = i**3 - 11*i**2 + i - 8. Determine m(11).
3
Let r(h) = h**3 - 12*h**2 + 12*h - 13. Calculate r(11).
-2
Let i(s) = -s**2 + 5*s + 52. Determine i(10).
2
Let j(n) = 55*n - 55. What is j(1)?
0
Let v(m) = m**2 + 25*m - 33. Calculate v(-26).
-7
Let f(g) = -3*g**2 - 4*g + 1. Calculate f(-3).
-14
Let c(b) = 4*b - 13. Give c(7).
15
Let h(t) = -23*t + 2. What is h(-1)?
25
Let r(h) = -h**3 - 4*h**2 - 5. Give r(0).
-5
Let a(b) = -2*b**3 + 30*b**2 - b + 3. What is a(15)?
-12
Let q(n) = -n + 9. What is q(0)?
9
Let p(c) = 3*c + 1. Determine p(1).
4
Let v(f) = -f**3 - 6*f**2 + 4*f - 13. Determine v(-7).
8
Let p(i) = 2*i**3 - 59*i**2 - 28*i - 56. Give p(30).
4
Let p(a) = a - 14. Calculate p(-3).
-17
Let d(v) = 5*v**2 - 18*v - 2. Determine d(6).
70
Let c(n) = -n**2 - 4*n + 8. What is c(3)?
-13
Let x(y) = y**3 - 13*y**2 - 11*y + 19. Determine x(14).
61
Let o(c) = c**2 - c - 10. Calculate o(-5).
20
Let k(d) = d**3 - 5*d**2 - 10*d + 12. Give k(6).
-12
Let f(w) = 12*w - 515. Give f(43).
1
Let q(r) = r**3 + 27*r**2 - 2*r - 46. Calculate q(-27).
8
Let y(q) = q + 9. Calculate y(8).
17
Let y(f) = -f - 4. Give y(-5).
1
Let n(q) = -2*q**3 + 19*q**2 - 6*q + 15. What is n(9)?
42
Let b(r) = -5*r**2 - 19*r. Calculate b(-4).
-4
Let a(m) = -m**2 - 40*m - 208. What is a(-7)?
23
Let r(g) = -2*g**3 + 2*g**2 - 2*g + 2. Give r(4).
-102
Let c(d) = -d + 7. Give c(6).
1
Let h(l) = 217*l - 1944. Give h(9).
9
Let k(w) = w**3 - 51*w**2 + 97*w + 49. Calculate k(49).
0
Let v(y) = -y**3 - 3*y**2 + 8*y + 24. Determine v(-4).
8
Let z(p) = -5*p + 21. Give z(8).
-19
Let v(w) = -3*w - 1. Give v(-5).
14
Let j(m) = -m + 5. Calculate j(0).
5
Let v(w) = w**3 - 5*w**2 + 14. Calculate v(3).
-4
Let l(k) = -k**3 - 6*k**2 - k - 8. Give l(-6).
-2
Let a(g) = -9*g - 87. Determine a(-12).
21
Let z(f) = -f**2 - 9*f - 4. Give z(-10).
-14
Let o(s) = 17*s + 135. Give o(-8).
-1
Let l(n) = -n + 6. Give l(-6).
12
Let c(d) = 2*d**2 + 4*d + 3. Calculate c(-6).
51
Let s(g) = 23*g - 3. Determine s(-5).
-118
Let q(t) = -t**3 - 7*t**2 - 5*t + 10. Give q(-9).
217
Let n(d) = -d**2 - 3. Calculate n(-3).
-12
Let x(p) = 28*p + 202. Calculate x(-7).
6
Let q(i) = 12*i - 1. What is q(-2)?
-25
Let x(w) = 4*w**2 - 23*w + 17. What is x(4)?
-11
Let c(d) = -d**3 - 2*d + 12. What is c(0)?
12
Let b(a) = 2*a**2 + 18*a + 11. What is b(-8)?
-5
Let z(m) = -m**2 - 3*m. What is z(3)?
-18
Let r(o) = o**2 + 11*o - 4. Determine r(-11).
-4
Let k(x) = 2*x**3 - x**2 - 4*x - 5. Calculate k(-2).
-17
Let v(k) = 4*k - 64. Calculate v(19).
12
Let z(k) = -18*k + 1. Calculate z(-2).
37
Let i(o) = 4*o**2 - 5*o - 4. Determine i(-1).
5
Let l(n) = n**2 - 19*n - 104. What is l(-4)?
-12
Let z(c) = 3*c**3 + 16*c**2 - 2*c - 7. Give z(-5).
28
Let i(p) = -p**2 - 11*p - 33. Determine i(-4).
-5
Let l(o) = -o**2 + 14*o + 19. Calculate l(15).
4
Let l(z) = -8*z - 478. Calculate l(-60).
2
Let o(h) = 19*h - 26. What is o(1)?
-7
Let t(m) = m**3 - 15*m**2 - 21*m + 11. Calculate t(16).
-69
Let b(f) = -43*f - 2. What is b(2)?
-88
Let f(y) = y**3 + 2*y - 1. Calculate f(2).
11
Let k(m) = -12*m + 3. Give k(5).
-57
Let n(d) = d**3 + 17*d**2 - 16*d + 12. What is n(-18)?
-24
Let q(b) = 4*b - 6. Give q(2).
2
Let u(v) = 5*v**2 - 9*v - 6. Determine u(-3).
66
Let o(a) = a**2 - 8*a - 162. Calculate o(17).
-9
Let k(d) = d**2 + 19*d + 75. Calculate k(-9).
-15
Let h(i) = -i**3 - i**2 + 6*i + 1. Give h(-3).
1
Let c(q) = q**2 - 8*q + 12. What is c(4)?
-4
Let c(l) = -12*l + 15. Give c(2).
-9
Let v(g) = g**3 + 21*g**2 - 22*g + 12. Determine v(-22).
12
Let a(m) = -3*m + 7. Give a(0).
7
Let r(n) = 7*n**3 - n**2 + 3*n + 5. Determine r(-2).
-61
Let w(j) = -j**2 + 4*j - 6. Give w(5).
-11
Let p(s) = 2*s + 3. Give p(11).
25
Let t(h) = -6*h**2 + 46*h + 5. Determine t(8).
-11
Let w(p) = 39*p + 250. Determine w(-7).
-23
Let o(p) = -p - 16. Determine o(-11).
-5
Let n(o) = o**2 + 9*o - 10. Give n(-11).
12
Let f(a) = -a**2 + 7*a + 13. Give f(8).
5
Let l(k) = -4*k + 3. Calculate l(4).
-13
Let n(f) = f**3 - 17*f**2 + 16*f - 4. Give n(16).
-4
Let l(r) = -r**3 - 5*r**2 + 15*r + 4. What is l(-7)?
-3
Let r(t) = -8*t + 24. What is r(2)?
8
Let h(l) = 2*l**2 + 5*l + 6. Calculate h(-2).
4
Let q(b) = -2*b**2 + 27*b + 8. Calculate q(14).
-6
Let f(b) = b**2 - 12*b - 9. Calculate f(12).
-9
Let a(n) = -n**2 - 21*n + 14. Determine a(0).
14
Let u(c) = -7*c - 13. Calculate u(-9).
50
Let u(a) = -3*a + 12. Determine u(10).
-18
Let m(i) = 25*i - 8. Calculate m(-2).
-58
Let v(i) = -44*i**3 + i**2 + i - 1. Calculate v(1).
-43
Let b(h) = 8*h**2 + 10*h + 2. What is b(-3)?
44
Let d(z) = z**2 + 6*z + 11. What is d(-6)?
11
Let i(g) = g**3 - 8*g**2 + 10*g + 16. Determine i(6).
4
Let x(v) = -v**2 - 31*v - 163. Calculate x(-24).
5
Let w(r) = r**2 + 4*r. Determine w(-7).
21
Let o(u) = u**2 + 10*u + 22. What is o(-5)?
-3
Let f(x) = -x**2 + 16*x + 28. Give f(20).
-52
Let o(h) = -h - 4. Calculate o(-7).
3
Let u(o) = -o**3 + o**2 + 14*o + 24. Give u(-6).
192
Let l(p) = 4*p**2 + 24*p - 20. What is l(-7)?
8
Let x(d) = d**2 + 23*d - 3. Determine x(-24).
21
Let p(x) = -4*x + 40. Determine p(11).
-4
Let n(x) = -4*x + 53. Calculate n(14).
-3
Let y(n) = n. Give y(1).
1
Let t(n) = 5*n - 1. Give t(-1).
-6
Let m(h) = -h**2 + 3*h + 12. Calculate m(9).
-42
Let n(p) = -3*p**3 - 6*p**2 - 2*p + 5. What is n(-3)?
38
Let q(u) = -13*u**3 - 3*u - 3. Give q(-1).
13
Let r(d) = 2*d - 5. Calculate r(2).
-1
Let s(q) = -q**3 + 49*q**2 - 48*q - 4. Determine s(48).
-4
Let o(l) = l**3 - 5*l**2 - 9*l + 15. Give o(6).
-3
Let y(s) = -6*s**2 - 3*s - 1. Determine y(-2).
-19
Let k(s) = -s**2 - 10*s - 8. What is k(-6)?
16
Let k(d) = 5*d + 27. What is k(-5)?
2
Let f(j) = -3*j + 6. Calculate f(3).
-3
Let v(z) = z**2 - 5*z + 5. Give v(0).
5
Let g(v) = -14*v**2 - v - 2. Calculate g(-1).
-15
Let y(w) = 20*w - 127. Determine y(6).
-7
Let w(r) = 4*r + 4. Give w(-1).
0
Let d(h) = 2*h**2 - 16*h - 3. Determine d(8).
-3
Let w(v) = -v**3 - 4*v**2 - 8. What is w(-4)?
-8
Let n(w) = 3*w - 7. Give n(0).
-7
Let b(f) = -f**2 + 5*f + 4. Calculate b(7).
-10
Let o(l) = 2*l**2 - 57*l + 214. Give o(24).
-2
Let h(q) = q**2 + 8*q + 5. Give h(-8).
5
Let m(h) = -2*h + 59. Determine m(28).
3
Let m(x) = x**3 + 15*x**2 + 4*x - 6. Calculate m(-14).
134
Let w(m) = 3*m**3 + 9*m**2 + 3*m + 3. Give w(-2).
9
Let y(i) = -i**2 - 4*i + 12. Calculate y(-10).
-48
Let m(r) = -56*r**3 - r**2 + r. Determine m(1).
-56
Let s(r) = -r. What is s(-11)?
11
Let c(k) = -23*k + 47. Calculate c(2).
1
Let f(j) = -j**3 - 9*j**2 + 13*j - 2. Calculate f(-7).
-191
Let o(f) = -f**3 + 10*f**2 - f + 10. Give o(9).
82
Let r(h) = h**3 - 16*h**2 + 3*h - 43. Determine r(16).
5
Let t(l) = -l + 13. Calculate t(4).
9
Let q(z) = -z**3 - 4*z**2 + 5*z - 7. Determine q(-5).
-7
Let j(h) = -11*h**3 + h**2 - h. Give j(1).
-11
Let v(w) = -w**2 + 6*w + 7. Determine v(5).
12
Let h(l) = l**3 - 19*l**2 - 23*l + 30. Calculate h(20).
-30
Let x(a) = -4*a + 11. What is x(4)?
-5
Let x(d) = -d**2 + 10*d - 12. What is x(2)?
4
Let y(q) = q**2 + 6*q - 13. Give y(-7).
-6
Let c(k) = k**3 + 5*k**2 - 3*k + 1. Determine c(-4).
29
Let m(k) = k**3 - 25*k**2 + 40*k - 378. Determine m(24).
6
Let g(s) = 34*s - 410. What is g(12)?
-2
Let i(j) = j**3 + 9*j**2 + 10*j + 20. What is i(-8)?
4
Let b(v) = 13*v + 123. Determine b(-9).
6
Let k(m) = -3*m - 15. Calculate k(-6).
3
Let r(l) = -5*l + 117. Give r(17).
32
Let n(z) = 2*z**3 - 10*z**2 - 3*z + 6. Determine n(5).
-9
Let y(s) = 7*s - 3. What is y(6)?
39
Let g(l) = -4*l - 38. Calculate g(-8).
-6
Let d(y) = -y**2 + 2*y - 1. Determine d(1).
0
Let h(t) = 9*t**3 - 5*t**2 - 6*t - 2. What is h(-2)?
-82
Let m(p) = 5*p**2 + 230*p - 230. Determine m(-47).
5
Let d(k) = k**3 + k**2 - 9*k - 9. Give d(-1).
0
Let q(i) = -14*i - 93. What is q(-6)?
-9
Let k(y) = -2*y**3 + y + 2. What is k(2)?
-12
Let s(c) = c**3 - 16*c**2 - 20*c + 51. Determine s(17).
0
Let z(q) = -q**3 - 8*q**2 - 8*q - 9. What is z(-7)?
-2
Let c(g) = -g**3 + 8. Give c(-2).
16
Let l(p) = p**3 + 3*p**2 - 6*p + 7. Calculate l(-5).
-13
Let c(q) = q**3 + 9*q**2 - 2*q - 16. Calculate c(-9).
2
Let x(l) = 4*l**2 - 3*l + 1. Det